 Suppose 321 - 271 = 17*i + 186. Calculate v(i).
-23
Let p(m) be the first derivative of -m**3/3 + 5*m + 4. Let z(v) = -21*v**2 + v - 8. Let t be z(-3). Let f = t - -196. What is p(f)?
-11
Let m(f) = -f**3 - 16*f**2 + 59*f - 9. Let p be m(-20). Let x = -408 + p. Let l(t) = -t**3 + 3*t**2 + 4*t - 3. Give l(x).
9
Suppose 4*l = -2*i - 0*i + 24, 3*i + 4 = 2*l. Suppose -51 = u - i*y, 0 = y - 0 - 1. Let j = 49 + u. Let x(n) = -n**3 + n**2 - n - 4. Give x(j).
-4
Let x(r) = -4*r - r - 117 + 109. Let n(i) = i + 2. Let j(o) = -2*n(o) - x(o). Give j(-6).
-14
Let i(n) = 38*n**3 - 4*n**2 - 3*n - 3. Let q(p) = -25*p**3 + 3*p**2 + 5*p + 2. Let z(c) = 2*i(c) + 3*q(c). Determine z(-3).
-45
Let h(i) = -2*i**2 + 3*i - 1. Suppose 6*r + 2*z = r + 35, -r + 7 = 2*z. Let o(n) = 14*n - 96. Let k be o(r). Calculate h(k).
-3
Let w(p) = -p**3 + 4*p**2 - 4*p + 2. Let i(z) = -z**2 - 587*z - 2329. Let m be i(-4). Determine w(m).
-1
Let m be (-3)/18 - (-20)/(-24). Suppose 4*i = 2*u + 46, -5*i - 4*u = -3*i + 2. Let g be m/(-10) + i/(-90). Let z(v) = -v**2 - v - 9. What is z(g)?
-9
Let r(g) be the first derivative of 32*g**3/3 - 5*g**2/2 + 3*g - 5470. Give r(1).
30
Let t(w) = w**2 - 2*w. Let j(a) = a**3 - a**2 + a. Let z(g) = 4*g**3 + 21*g**2 + 32*g - 6. Let y(v) = 5*j(v) - z(v). Let m be y(27). Give t(m).
24
Let b(v) = 2*v**3 + 273*v**2 - 132*v + 681. Let k be b(-137). Let h(c) = 5*c - 36. What is h(k)?
-56
Let c(x) be the second derivative of x**5/5 - x**3/6 + x**2/2 + 11*x. Let v be c(1). Let m(i) = -15*i + 1 + 12*i - v. Calculate m(-2).
3
Suppose -103 = -3*r + 4*g - 77, -3*g = r. Let z(k) = -2*k**2 + 3*k - 40. Give z(r).
-94
Let p(f) = f**2 - 340*f + 14022. Let t be p(48). Let g(o) = o**2 - 21*o + 91. Give g(t).
1
Let n(c) = -c**2 - 6*c - 13. Let j(d) = 2*d**2 + 16*d + 26. Let k(z) = 3*j(z) + 5*n(z). What is k(-12)?
-59
Let r(o) = -28*o + 34. Let z(b) = -7*b + 8. Let p(y) = -2*r(y) + 9*z(y). Calculate p(-8).
60
Let z(f) = -48*f + 8. Let k(r) = 53*r - 11. Let d(m) = 6*k(m) + 7*z(m). Calculate d(-1).
8
Let i(h) = -14*h - 2. Let n(j) = -6*j**3 + 2*j + 1. Let s be n(-1). Let a(u) = 2*u**2 - 11*u + 3. Let r be a(s). Determine i(r).
26
Let z(x) = x**2. Let d(c) be the second derivative of c**5/20 + c**4 - c**3/3 - 4*c**2 + c. Let o(p) = d(p) - 4*z(p). Let l = 639 - 647. Give o(l).
8
Let p(x) be the third derivative of x**5/60 - 7*x**4/24 - 25*x**3/6 + 668*x**2. Determine p(12).
35
Let u(z) = -z**3 + 4*z**2 + 11*z - 38. Let d be 4/18 - (72/48)/(54/(-136)). Determine u(d).
6
Let m(w) = -30*w + 150. Let s(t) = -t - 80. Let x(g) = -m(g) - 2*s(g). What is x(-1)?
-22
Suppose 2*p = 40*p + 38. Let x be ((-5)/(-10))/(-1)*-8. Let s(v) = v - v + x*v. What is s(p)?
-4
Let w(l) = -3*l - 9. Let c(r) = -r**2 + 0*r**2 - 11 - 14*r + 10 - 27. Let g be c(-12). Determine w(g).
3
Let z(i) = -6*i**3 + 9*i**2 + 5*i - 5. Let g(w) = 7*w**3 - 7*w**2 - 4*w + 4. Let k = 32 + -36. Let o(t) = k*g(t) - 3*z(t). Give o(1).
-9
Let h(w) be the third derivative of -1/3*w**4 + 21*w**2 + 0 - 7/120*w**5 - 1/360*w**6 + 0*w + 7/2*w**3. Let p(f) be the first derivative of h(f). Give p(-7).
-8
Suppose 23 = 2*p - 2*i - 17, 2*p - 4*i = 36. Let k = p + -11. Let f(u) = u**3 - 12*u**2 + 13*u - 16. What is f(k)?
6
Let l(s) = -s**2 - 4*s - 5. Suppose 25 = -q - 5*b, -24*q - 15 = -25*q + 5*b. Determine l(q).
-10
Let b(t) be the second derivative of 2*t - 1/3*t**3 - 2 - 3/2*t**2. Give b(5).
-13
Let m be 54/4 + 5/2. Let g(p) = 30 + m - 55 - p. Give g(-7).
-2
Let a(m) = m**3 - 18*m + 2. Let v be a(4). Let t(k) = -2 + 27*k**2 - 2 + 3*k + 2 - 26*k**2. Determine t(v).
16
Suppose p = 4*i - p + 2, -4*i = -p + 3. Let c(s) = s - 1. Let v(g) = 6*g - 4. Let n be (3 - (0 - -7)) + 7. Let l(k) = i*v(k) + n*c(k). Give l(-2).
7
Let t(c) = c**2 + c - 1. Let s(q) = q**2 + 43*q. Let g be s(-40). Let o be ((-2)/(-6))/((-8)/g). What is t(o)?
29
Suppose -63*y + 218 = -281*y. Let v(w) = w**2 + w. Give v(y).
0
Let p(q) = -q + 14. Let s be p(9). Suppose 2*d + 2 = -3*a, -a = -s*d + 7*d + 6. Let w(k) be the third derivative of -k**5/10 + k**3/3 - 2*k**2. What is w(a)?
-22
Let f(q) be the third derivative of -q**5/60 - 5*q**4/24 - 3*q**3/2 - 2428*q**2. Let u(h) = h**2 + 7*h + 5. Let z be u(-4). What is f(z)?
-23
Let k = -102 - -104. Let b(p) = -11 + 6 + 11 + 6*p + 0*p - k*p. What is b(-8)?
-26
Let v(u) = u + 6. Let l = -25 + 32. Suppose -l*x = x - 40. Suppose i = 5*g - 29, x*g + i - 4*i - 37 = 0. What is v(g)?
11
Let z(g) be the second derivative of 1/20*g**5 - 5/12*g**4 + 0 + 0*g**2 + 0*g**3 - 128*g. Calculate z(5).
0
Suppose 0 = -3*v - 6, 2*l + v - 143 = l. Let j = l + -153. Let f(a) = -5 - 7 + a - 4*a. Determine f(j).
12
Let p(w) = -1 - 2*w - 8*w**3 + 17*w**3 - 5*w**2 - 10*w**3. Suppose -4*q + i = -452, q - 92 = -10*i + 5*i. Let z = -115 + q. Give p(z).
-13
Let m(v) = 2*v - 38. Let z(l) = -44*l**2 + l - 9. Let f be z(0). Calculate m(f).
-56
Suppose 417*h + 94 = 370*h. Let f(x) = x**2 - x. Let c(g) = 5*g**2 - 6*g. Let m(r) = -c(r) + 4*f(r). Give m(h).
-8
Suppose s - 2*l = -5*l - 6, 35 = 5*s + 2*l. Suppose 0 = s*x - 8 - 19. Let h(z) = z - 2. Give h(x).
1
Let p(c) be the second derivative of -c**3/2 + c**2 - 758*c. Calculate p(-9).
29
Let n(t) = -t**3 - t**2 + 4*t - 3. Suppose 214 = -9*c + 241. Suppose 2*i - 2*q + 5 + 1 = 0, 2*i + c = 5*q. Determine n(i).
29
Let z = -1200 + 1206. Let s(w) = 11*w - 13. Give s(z).
53
Let v be ((-285)/(-45) - 1/3) + 0. Let j = 7 - v. Let g be j*-1 + 20 + -19. Let m(l) = -l**2 + l + 18. What is m(g)?
18
Let l = -10 + 12. Let c(f) = 4562*f + 12 - 4555*f - f**2 + l. Give c(9).
-4
Let l(s) be the second derivative of -s**4/6 - 2*s**3/3 - 5*s**2 - 3248*s. Calculate l(-2).
-10
Let m be (((-14)/28)/(3/(-30)))/((-5)/(-6)). Let z(q) be the third derivative of 1/10*q**m + 0 - 12*q**2 + 0*q**3 - 1/60*q**5 + 1/24*q**4 + 0*q. Determine z(1).
12
Let n = -386 + 366. Let x = n + 16. Let o(y) = -y**2 - y + 2. What is o(x)?
-10
Let l(t) = 11 - 2*t**2 - 16 + 16 - 2 + 6*t + t**2. Give l(6).
9
Let q(r) = -68*r**2 - 36*r - 40. Let i(m) = 112*m**2 + 71*m + 77. Let w(h) = -3*i(h) - 5*q(h). What is w(9)?
-4
Let d(h) = h**3 + 0*h**2 + 0*h**2 - h**2 + 3*h**2 - 2*h + 1. Let s = -16 - -21. Suppose -s*p - 3 = -8*p. What is d(p)?
2
Let x(q) = 2*q**3 + 17*q**2 + 10*q - 60. Let m be x(-7). Let z(j) = -2*j**2 + 37*j - 61. Determine z(m).
-10
Let k be 4*(11 + (-399)/38). Let x(z) = -z + 8. Calculate x(k).
6
Let f(s) = s**3 - 13*s**2 + 2*s + 8. Let b(m) = 431*m + 2599. Let k be b(-6). Determine f(k).
34
Let v(o) be the first derivative of -o**4/4 - 5*o**3/3 + 3*o**2/2 + 2*o - 50. Suppose -218*j + 197*j - 126 = 0. Give v(j).
20
Let h(p) = p**2 - 6*p + 6. Let r(o) = -o**3 - o**2 + o + 2. Let j(l) = 5*l**3 + 14*l**2 - 9*l + 17. Let w(d) = j(d) + 6*r(d). Let i be w(8). Calculate h(i).
1
Suppose 25 = -3*s - h, -10*s - h - 7 = -9*s. Let c(r) = -r + 16. Let n(p) = 2*p - 17. Let f(m) = -4*c(m) - 3*n(m). Give f(s).
5
Let f(i) = i**3 - 1 + 5*i + 0*i**3 + 2 - 3*i - 3*i**2. Let a be (-21)/(-6) + 38/(-76). Give f(a).
7
Let k be ((-10)/14)/((-80)/560). Let m(r) = -45*r + 229. Determine m(k).
4
Let z(y) be the second derivative of y**5/20 + y**4 + 5*y**3/3 - 7*y**2 + 148*y. Determine z(-12).
-134
Let w(f) = 3*f - 1. Let z(i) = 3*i - 16. Let o(k) = 3*w(k) - z(k). Calculate o(-6).
-23
Let i(l) = -l**2 + 5*l + 6. Suppose 13*t + 5*b = 12*t - 9, -5*b = -t + 1. Determine i(t).
-30
Let d(u) be the first derivative of -5*u**2 + 28*u - 1620. What is d(4)?
-12
Let o = 15604 + -15609. Let a(t) = -t**3 - 4*t**2 + 2*t - 2. Give a(o).
13
Let l(b) = -3 - b + 2 - 200*b**2 + 2 + 197*b**2 - 2*b. Give l(3).
-35
Let q(j) be the first derivative of j**3/3 - 3*j**2 + 7*j - 2. Let a = -4501 - -4508. Determine q(a).
14
Let m(g) = 1384*g - 714*g - 700*g - 197. Calculate m(-6).
-17
Let y(o) = -2*o - 4. Suppose -18*m + 17*m + 12 = 0. Suppose u + 3 + 1 = 0, -3*u - m = -j. Suppose -b - 3 = -j. Determine y(b).
2
Let a(g) be the first derivative of -g**3 - 5 + 2*g - 3*g**2 - 1/12*g**4. Let h(j) be the first derivative of a(j). What is h(-5)?
-1
Let i(x) = -x**2 - 14*x - 4. Let u = 19038 + -19052. What is i(u)?
-4
Let x = -2 - -10. Let d = x + 4. Let o(n) = -10854 - 11*n + 4*n**2 - 3*n**2 + 10838. Determine o(d).
-4
Let b(o) = -o**2 + 1. Let j be b(2). Let q(l) = 2*l + 228066 - 456134 + 228066 + 3*l**2 -